+ -117 + 39 + -100
-65
-2 + -3 + 9 + -14 + 21 + -59
-48
(60 - (-42 + 15 + 73)) + 56
70
Calculate 12 + -11 + 0 + 15 + (5 - -2).
23
What is the value of -29 + (1021 - 1117 - (-1 - 40))?
-84
What is 3 + -18 + 17 + 18 + -48?
-28
Evaluate 15 - -31 - 3 - (36 - 12).
19
Calculate (-2 - -1) + -84 + -26260 + 26255.
-90
Evaluate -2 + 108 + 93 + -125 + (3 - -34).
111
What is (-33 - -13 - (-23 - -30)) + -19?
-46
(-1 - (-9 + (7 - 4))) + -58 - (-8 - -4)
-49
(54 - -1) + (-308 - -286)
33
What is 42 + (-125 + 59 - -95)?
71
What is the value of 21 + 23 + -19 - (148 - 164)?
41
Evaluate -46 + -27 + 50 + 62.
39
Evaluate 4 - (3 - 1) - 37 - (-3 - 2 - 2).
-28
What is the value of -2 + 18 - (28 + (-63 - (3 - 41)))?
13
What is the value of 119 - (-6 + (1 - 0) + (10 - -9) + -6)?
111
What is the value of 34 + 0 - (79 + -120)?
75
Evaluate 11 + (-3 + -19 - (9 + -3)).
-17
What is (-1 - (-23 - (-11 - 11))) + 6 + -2 + -115?
-111
4 + (77 - 32) + -28
21
What is 23 - 2 - (19 + -59 - -75)?
-14
Evaluate -17 + (-6 - -19) - (1 - -14 - 6).
-13
53 + (409 - 415 - ((1 - 2) + -7)) + 2
57
What is 42 - ((-32 - 30) + 59 + (-9 - 2))?
56
Evaluate (-34 - -20) + 49 - -9.
44
What is the value of (-27 - (-27 - -15 - -2)) + 9 + (-2 - 39)?
-49
Evaluate -8 + 14 + (-26 - (-34 + 20) - (-8 + -2)).
4
Calculate -1 + -6 + (-550 - -612) + (0 + -2 - 4).
49
What is the value of -50 + -42 + 33 - (-16 + 24 - (-1 + 1))?
-67
What is (-18 - (68 + -55)) + 75?
44
Evaluate (8 - (-16 + 18 - 26)) + 8.
40
(-26 + 24 - (-84 + 6)) + 4 + 2
82
-18 + (32 - 14) + (-17 - -2) + -85
-100
(27 - (18 - (-149 - -9))) + 17
-114
Calculate -105 + (-6 + -7 - (-14 - -16)) + 30.
-90
-160 + 68 + (5 - -17)
-70
-4 + 4 + (19 - 20) + (-11 - -1) + -21
-32
(39 - (-13 - (-81 - -30))) + -12 + 0
-11
(-23 - (3 + -23 + 4)) + -48 + -23
-78
What is the value of -83 + 27 + (7 + -1 - (-47 + 54))?
-57
What is (3 - (17 + 1)) + -5 + 12 + -6 + 5?
-9
What is 30 + 5 - 102 - -23 - -76?
32
23 + (-15 - -1 - (28 + -4))
-15
What is 0 - 65 - (-20 + 4 - -24 - 8)?
-65
Evaluate 9 + (-131 - -122) + (-3 - -1 - -16) - -3.
17
26 + (112 - 61) - 66
11
What is 4 + -13 - 4 - (61 - (67 - -8))?
1
-5 + (-21 - -35) + -4 + -92
-87
-110 - -50 - -47 - (-13 + 1) - -7
6
Evaluate (-32 - 8 - -30) + (15 - -4).
9
What is the value of 41 + 8 + 250 + -292?
7
What is -16 - -57 - -20 - 27?
34
Evaluate (230 - 244) + (0 - -25) - (18 - 7).
0
What is the value of 4 - (-1 - (2 - (-23 + -1)))?
31
3 - -6 - (3 - 49) - (-10 + 2)
63
Evaluate (-10 - 0) + -4 + -30 + -9.
-53
What is -18 + -6 + -10 + 18 - 21?
-37
(-11 - -8) + 37 - (5 - (5 - (4 + 3)))
27
What is the value of -106 + 119 + 7 + -8 + -3 + 39?
48
Evaluate 116 + (-63 - -84 - 108).
29
1 + 0 + 19 + 2329 + -2306
43
1 + -3 + -82 + 74
-10
What is the value of 0 + 11 - (14 + (-32 - (-10 + -6)))?
13
What is the value of -53 + 7 + 90 + 12?
56
What is (-18 - (-110 - -88)) + -77 + 1?
-72
Evaluate (-44 - -7) + -21 - (10 - (-1 - -3)).
-66
What is -1 + 12 + 0 - (212 + -199 + 2)?
-4
Evaluate -48 + (37 - -77) - -56.
122
What is 39 - (-6 + 21 + -6 + 10)?
20
What is (-67 - (-47 - 16)) + 54?
50
What is the value of -34 + (6 - -16) + 35 + -73?
-50
76 + (-40 - -40) + -3 + 8 + -3
78
What is (-2 - (5 + 17)) + (-7 - -10)?
-21
Calculate (8 - 7) + 10 + (13 - (-6 - -13) - 26).
-9
Calculate -10 + -54 - (-175 - -61).
50
What is (31 - (37 - -70) - -51) + 79 + 1?
55
What is 6 - ((-5 - -2) + 15) - (-35 - -15)?
14
-80 + 76 + (-11 - -75)
60
What is (3 - -49 - 110) + 99?
41
7 - -8 - 0 - (-179 + 158)
36
What is the value of 10 - 30 - (-18 - 10)?
8
Evaluate 38 + (-1 - (15 - 22) - 5).
39
Evaluate (2 + 12 - 0) + 27 + (-45 - -43) + 28.
67
7 + -36 + (0 + (-1 - -11) + 2 - 1)
-18
Calculate -3 - (12 - 18 - 14) - 68.
-51
Evaluate (-2 - 10) + 1 + 14 - ((1 - -4) + 1).
-3
-28 - (-18 + 35) - -50
5
What is -25 - 18 - -49 - (7 + -5)?
4
Calculate -94 + (4 - -4) + 32 + 23 + -38.
-69
Calculate -10 + 78 - (92 - 9).
-15
What is the value of 1260 + -1312 + (-2 - -72)?
18
Evaluate 2 + (4 + 59 - (0 - (-4 + 18) - -13)).
66
What is the value of -18 + 92 + 25 - 48?
51
-6 + (6 - (17 + 2 + -14 + (-11 - 4)))
10
Evaluate -10 + (53 - 40 - 36).
-33
Calculate 13 + 0 + -28 - (-53 - 4).
42
What is -1 + (-5 - 4 - -5 - -4) + (-141 - -81)?
-61
What is the value of -19 + 14 + -28 + -10?
-43
Evaluate 3 - 2 - (9 + -17 - -5 - 27).
31
What is 28 - (-12 + 18) - 43 - -9?
-12
What is -22 - -77 - 75 - (1 - -3)?
-24
What is (-25 - -38) + (-4 - (-27 - (8 + -2)))?
42
What is 34 - (2 + 0 - 1 - ((-5 - -41) + -24))?
45
(-1 - -1 - -47) + (-53 + -7 - -62) - 6
43
What is the value of 4 - (35 - (34 - -3)) - (-2 + -34 - 0)?
42
Evaluate (-10 - (-123 - -86)) + (1 - 30).
-2
-12 + (-132 + 102 - (-30 - 1))
-11
-94 + -29 + 62 + 39
-22
What is the value of 38 + (6 + 12 - 7)?
49
37 + -48 + 51 + -3
37
Evaluate (9 - 8 - 10) + -9 + 5 + -1.
-14
2 + -31 + 7 + 13 + (-15 - -4)
-20
What is the value of 4 - (-1 - (0 + -54) - (-2 - -7) - 12)?
-32
Calculate -27 + (19 - -35) + -22.
5
Calculate 1 + (-10 - -1) - (29895 - 29928).
25
Evaluate -4 - (17 + -5) - ((27 - (-21 + 19)) + -25).
-20
(-15 - (-22 + 12) - -8) + -1 - 7 - 48
-53
What is the value of -701 + 732 + (-74 - -12)?
-31
What is the value of 64 - (-64 + 28 + 115)?
-15
Evaluate (4 - -14) + -13 + -20 + 79.
64
Evaluate (26 - 26) + (6 - 6 - -44) + -3 + 4.
45
What is the value of (19 - 5) + -42 + 2 - (6 - 1)?
-31
Calculate (22 - 24) + 26 - -15.
39
-128 + 125 - (55 + 0 + 4 + -12 + 3)
-53
Evaluate -27 + (6 - -39) + 0 + -30.
-12
Calculate (-70 + (-39 - 21) - 10) + 14 + 0.
-126
Calculate -14 + 86 + -31 - 39.
2
Calculate (-1994 - -2049) + 7 + 3.
65
What is the value of (-77 - -97) + (0 - -20)?
40
What is the value of 13 + (-7 - -16) + (-3 - 18)?
1
What is 1 - 49 - (-21 + -34)?
7
Evaluate -1 - -73 - (-227 + 261 + -20).
58
What is (36 + -14 + -38 - (-5 + 0)) + 42?
31
Calculate (-18730 - -18649) + (-1 - -68).
-14
Evaluate (-4 + -9 + 21 - 26) + -19.
-37
Calculate -19 - (-2 + 15 - (0 + 4 + 3) - 11).
-14
Evaluate 2 + (1 - -11) + -6 - (15 - 20 - -71).
-58
Evaluate -14 - (-28 + (-11 - -49) + -12).
-12
Calculate -1 + 2 + 26 + -18 - (134 - 192).
67
Evaluate (-53 - -25) + 12 + 0 + -14.
-30
Evaluate -10 - -13 - ((-1 - -3) + -2) - 13 - -27.
17
(-68 - -40) + (-35 - -7) + 7 + (0 - -6)
-43
What is the value of (0 + 54 - 2) + (42 - (4 - -45))?
45
What is the value of 8 + 4 - (21 - (55 - 0)) - 10?
36
What is -990 + 1009 - (8 + 1)?
10
What is the value of (-13 - (-24 + 2) - (0 - -1)) + -52?
-44
Evaluate (-11 - (-7 + 2)) + (1 - (10 + -9 + -4)).
-2
Evaluate -5 + -1 - (59 - (76 - 27)).
-16
What is 155 + -9 + -21 + -18 + 18?
125
-68 + (-13 - 9) - -60
-30
Evaluate 1 + 0 + 6 - ((-7 - -110) + 368 + -426).
-38
-45 - ((-67 - 23) + 91 + -20 + 1)
-27
Calculate (-67 - -5) + (-17 - (-16 - 23)).
-40
Calculate 78 - (-9 + 2 - (62 - 61) - -21).
65
What is -25 + -7 + (0 + 2 - (-166 + 162))?
-26
-5 - 70 - -178 - 27
76
Calculate 12 - ((13 - -33) + -37 - (2 - (2 - -27))).
-24
What is 240 + -256 - (6 - 98 - 1)?
77
What is the value of -5 - (3 + -1 + 10 + -3 + 9 + -98)?
75
What is the value of -51 - (-18 + 7 + 13 + -11) - -22?
-20
What is 22 + (70 - 58) - (1 + -24)?
57
Calculate 10 + -2 + (-1 - 46) + 228 + -229.
-40
What is 2 + (10 - (3 + (2 - 6))) + -951 + 947?
9
Calculate -82 - -96 - (2 + 14) - (41 - -6).
-49
What is (51 - 8) + (-35 - (-39 + 22))?
25
Calculate 97 - 166 - (-3 + (2 - 1) + 1 + 8).
-76
-23 - (-12 + -25 + -100 + -24)
138
-2673 + 2675 + (-77 - 1) + -9 + 8
-77
Evaluate 77 - (12 + -7 + 19 + (-4 - 0) + -11).
68
Evaluate (0 - 41) + (204 - (527 - 241)).
-123
Evaluate -12 - 2 - (-52 + 36) - (18 - 31).
15
What is 8 - (13 - 7) - ((57 - (3 - 0)) + -5)?
-47
Evaluate 1 - ((-19 - -76) + (2 + 9 - -1)).
-68
What is (11 - ((-13 - -60) + -13)) + -7 + -1?
-31
What is 8 + (2 - -1) + (-15 - (-137 + 80))?
53
What is the value of -94 + (204 - (51 + 96))?
-37
Evaluate (-1 + 0 - -3) + 12 - (824 + -833).
23
-66 - ((-5 - -1) + -16 + 4) - -12
-38
-17 + -52 - (-4 - -1 - (-15 - 0))
-81
(-4 - (4 + -16)) + (-4 - -33)
37
What is the value of -51 - (-40 + (7 - -43))?
-61
What is 88 + (-9 - -10) - ((0 - -24) + -14)?
79
What is (-45 - (-48 + 29) - 51) + 14?
-63
(-4 - (19 - 36)) + 0 + (51 - 8)
56
Calculate 1 + 15 + -4 + (3 - (-16 - -17)) + -123.
-109
What is the value of (-15 - -13) + -12 + 49?
35
-28 - -8 - -40 - (7 + 2 + (7 - 7))
11
Calculate 4 + -18 + 64 + (23 - (26 +